{"id":402,"date":"2018-12-10T23:04:06","date_gmt":"2018-12-10T20:04:06","guid":{"rendered":"http:\/\/www.karesi5asm.com\/?page_id=402"},"modified":"2018-12-10T23:04:06","modified_gmt":"2018-12-10T20:04:06","slug":"vizyonumuz","status":"publish","type":"page","link":"http:\/\/www.karesi5asm.com\/?page_id=402","title":{"rendered":"Vizyonumuz"},"content":{"rendered":"\n<p style=\"text-align:left\">Aile hekimli\u011fi uygulamas\u0131n\u0131 bilimsel veriler \u0131\u015f\u0131\u011f\u0131nda s\u00fcrd\u00fcrmeyi, sorunlar\u0131n\u0131n \u00e7\u00f6z\u00fcm\u00fcne hizmet verdi\u011fi toplumun sa\u011fl\u0131\u011f\u0131n\u0131 da dikkate alarak katk\u0131da bulunmay\u0131, Faaliyetlerini uluslararas\u0131 normlar, etik ilkeler \u0131\u015f\u0131\u011f\u0131nda, \u015fah\u0131slardan ve siyasi kurumlardan ba\u011f\u0131ms\u0131z bir \u015fekilde, yasal s\u0131n\u0131rlar \u00e7er\u00e7evesinde yerine getirmeyi g\u00f6rev edinmi\u015ftir.<\/p>\n","protected":false},"excerpt":{"rendered":"<p>Aile hekimli\u011fi uygulamas\u0131n\u0131 bilimsel veriler \u0131\u015f\u0131\u011f\u0131nda s\u00fcrd\u00fcrmeyi, sorunlar\u0131n\u0131n \u00e7\u00f6z\u00fcm\u00fcne hizmet verdi\u011fi toplumun sa\u011fl\u0131\u011f\u0131n\u0131 da dikkate alarak katk\u0131da bulunmay\u0131, Faaliyetlerini uluslararas\u0131 normlar, etik ilkeler \u0131\u015f\u0131\u011f\u0131nda, \u015fah\u0131slardan ve siyasi kurumlardan ba\u011f\u0131ms\u0131z bir \u015fekilde, yasal s\u0131n\u0131rlar \u00e7er\u00e7evesinde yerine getirmeyi g\u00f6rev edinmi\u015ftir.<\/p>\n","protected":false},"author":1,"featured_media":0,"parent":0,"menu_order":0,"comment_status":"closed","ping_status":"closed","template":"","meta":{"footnotes":""},"class_list":["post-402","page","type-page","status-publish","hentry"],"_links":{"self":[{"href":"http:\/\/www.karesi5asm.com\/index.php?rest_route=\/wp\/v2\/pages\/402","targetHints":{"allow":["GET"]}}],"collection":[{"href":"http:\/\/www.karesi5asm.com\/index.php?rest_route=\/wp\/v2\/pages"}],"about":[{"href":"http:\/\/www.karesi5asm.com\/index.php?rest_route=\/wp\/v2\/types\/page"}],"author":[{"embeddable":true,"href":"http:\/\/www.karesi5asm.com\/index.php?rest_route=\/wp\/v2\/users\/1"}],"replies":[{"embeddable":true,"href":"http:\/\/www.karesi5asm.com\/index.php?rest_route=%2Fwp%2Fv2%2Fcomments&post=402"}],"version-history":[{"count":1,"href":"http:\/\/www.karesi5asm.com\/index.php?rest_route=\/wp\/v2\/pages\/402\/revisions"}],"predecessor-version":[{"id":404,"href":"http:\/\/www.karesi5asm.com\/index.php?rest_route=\/wp\/v2\/pages\/402\/revisions\/404"}],"wp:attachment":[{"href":"http:\/\/www.karesi5asm.com\/index.php?rest_route=%2Fwp%2Fv2%2Fmedia&parent=402"}],"curies":[{"name":"wp","href":"https:\/\/api.w.org\/{rel}","templated":true}]}}